 683 + 233 = u, -2*c + 186 = -4*b. What is the tens digit of c?
9
Suppose 9 = 3*x, 5*v - 5*x = 16278 - 3948. What is the tens digit of v?
6
Suppose 0*c - 2*c - 10 = 0. Let r = c - 2. Let h(j) = j**3 + 9*j**2 + 7*j + 9. What is the tens digit of h(r)?
5
Let i(u) = -20*u - 9. Let b be i(-3). Let p = b - 20. What is the tens digit of p?
3
Let g(q) = -q + 6. Let x be g(2). Suppose -5*v + 2*u + 3*u = -115, v - x*u = 29. What is the tens digit of v?
2
Let m be (6 - 6)/(-3 - -1). Suppose m = -33*g + 38*g - 10. Suppose 3*w - w + 5*p = -3, g*p = -2*w. What is the units digit of w?
1
Suppose -2*d + 4 = -4. Suppose -d*s = a - 103, -2*s - 4*a = -a - 39. Suppose -5*y - s - 16 = -2*h, 5*y + 15 = 0. What is the units digit of h?
4
Let m(k) = 12*k**2 + k + 1. Let x be m(-2). Let c = -32 + x. What is the tens digit of c?
1
Suppose 0 = -r + g + 2396, 20*r - 18*r = -5*g + 4806. What is the units digit of r?
8
Let t(g) = 5*g**3 - 2*g**2 - 6*g + 73. What is the tens digit of t(5)?
1
Let g(h) = -4*h + 19. Let f(u) = 6*u + 6. Let a be f(-5). What is the units digit of g(a)?
5
Let a = 13 + -11. Suppose -5*w + 295 = o, w - 61 = o - a. What is the units digit of w?
9
Suppose 4*q - 3*q = 462. Suppose 2*d - 237 = 5*l, 0 = 4*d + 2*l - 0*l - q. What is the tens digit of d?
1
Let z = -240 + 439. Suppose 0 = 2*n + 65 - z. What is the units digit of n?
7
Let r = -9 + 5. Let b be -4 - (-3 + -1)/r. Let d(a) = a**3 + 7*a**2 + 4*a - 4. What is the tens digit of d(b)?
2
What is the units digit of (5389/9)/((-7)/(-63))?
9
Suppose -30*s + 27*s + 1437 = 0. What is the hundreds digit of s?
4
Suppose 228 = -r + 700. What is the units digit of r?
2
Let k = -252 + 148. Let c = k + 272. What is the units digit of c?
8
Suppose -6*h - 15 = -h. What is the tens digit of (57/12)/(h/(-12))?
1
Suppose 12 = -0*d + 4*d. Suppose d*l = 83 + 76. What is the tens digit of l?
5
Let c(n) = -n**2 - 28*n - 16. Suppose -3*a = 4*z + 68, 2*z = 3*a + 2*a + 122. What is the units digit of c(a)?
0
Suppose 10*z - 60334 - 5606 = 0. What is the thousands digit of z?
6
Suppose 3*a - 9899 = -3431. What is the units digit of a?
6
Suppose 1883 - 277 = 2*i. What is the tens digit of i?
0
Let j(p) = -p**2 - 15*p + 102. What is the units digit of j(-16)?
6
What is the units digit of (-14)/4*(-5 + (-2405)/35)?
8
Let l = -24 - -28. Suppose 0 = l*y + 2*y. Suppose -f - f + 5*u + 109 = y, -u = -2*f + 121. What is the units digit of f?
2
Let c(w) = 10*w + 2. Let o be c(-1). Let a(y) = y**2 - 1. Let i(q) = -5*q**2 + 2*q + 2. Let h(f) = 6*a(f) + i(f). What is the tens digit of h(o)?
4
Let p(r) = -61*r + 114*r**2 - 3 - 63*r + 126*r. What is the tens digit of p(1)?
1
Suppose 2*q + 13 = 5*q + t, 0 = 5*q - 5*t - 35. Let p be 0 - -3*(2 - q). What is the units digit of 104/(-20)*(p + 4)?
6
Let g be 12*((-3)/(-6) - 1). Let c = g - -14. Let b = 24 + c. What is the units digit of b?
2
Let r be -2*(4 - (-845)/(-2)). Suppose 0 = -5*g - 4*g + r. What is the tens digit of g?
9
Suppose 10502 = 44*s - 171702. What is the units digit of s?
1
Let o be (28/(-16))/(2/(-72)). Let s = 88 - o. What is the units digit of s?
5
Let m(p) = -p - 9. Let d be m(-9). Suppose -4*k - k = d. Suppose j = k, -5*a + 5*j + 60 = -a. What is the units digit of a?
5
Let m(g) = -g + 19. Let l be m(14). Suppose -116 = -r - i, l*r - 191 = 4*i + 353. What is the hundreds digit of r?
1
Let a = 26 - 13. Suppose -8*u + a*u - 160 = 0. Suppose 0 = 27*g - u*g + 245. What is the units digit of g?
9
Suppose 0 = 4*p + 2 + 10, 0 = -j + p + 529. What is the tens digit of j?
2
Suppose 11299 = 4*k + z, -2496 = -k - 5*z + 305. What is the tens digit of k?
2
Let j(q) = q**2 - 8*q + 3. Let y = -2 + 9. Let i be j(y). What is the units digit of 6/(i/(-32)*3)?
6
Suppose -405 = -4*x + 1679. What is the units digit of x?
1
Suppose -36*b = -7*b - 28739. What is the units digit of b?
1
Let u = 32 + -32. Suppose u*p - 3*p + 186 = 0. What is the units digit of p?
2
Let s = 1061 - 280. What is the units digit of s?
1
Let q = 370 + -639. Let m = -154 - q. Suppose 6*a - m = a. What is the tens digit of a?
2
Let u = 8 + -8. Suppose u = 10*z - 9*z - 3. Suppose 4*t + 11 = -5, -75 = -z*n + 3*t. What is the units digit of n?
1
Suppose -252*k = -247*k - 2330. What is the units digit of k?
6
Let k = 18 - 16. Let o be (k + 103)/1 - 3. What is the units digit of (o/4)/(7/14)?
1
Suppose 5*b = 3*a - 1522, 3*a + 19*b = 18*b + 1546. What is the tens digit of a?
1
Let i = 32 + -34. Let g(m) = 7*m**2 - 4*m - 4. What is the units digit of g(i)?
2
Suppose 4*q - 5 = 7. Suppose -q*f - 2*f + 315 = -3*y, 252 = 4*f + 3*y. What is the tens digit of f?
6
Suppose -3*n - 3 = -0*n. Let c(i) = -93*i**3 + i**2 + i. What is the tens digit of c(n)?
9
Let a(i) = i**3 + 2*i - 2. Let z be a(2). Let r = z - 2. Suppose -133 - 20 = -3*u - 3*f, -r = 2*f. What is the units digit of u?
5
Let d(z) be the third derivative of z**4/3 + 4*z**3 - 9*z**2. What is the units digit of d(11)?
2
Let x(o) = 0*o**2 - 13 - o**2 + 6*o + 2*o**2. Let n be x(-10). Suppose 6 = a - n. What is the units digit of a?
3
Suppose 15*y - 6483 = 5487. What is the tens digit of y?
9
Suppose -16 = 3*s - 5*i, -i + 7 + 4 = 2*s. Suppose 0*d + 9 = -s*d. Let u = d - -9. What is the units digit of u?
6
Let l(a) = -a**2 - 14. Let p be l(12). Let o = -68 - p. What is the units digit of 2/15 + 2238/o?
5
Let w(s) = -2*s**2 + 12*s - 6. Let c be w(5). Suppose x + c*z + 15 = 0, 4*x = x + 3*z + 30. What is the units digit of x?
5
Suppose -4*f = 2*f - 18. Suppose -5*p - 275 = -5*b, -f*b + 167 = -0*p - 4*p. What is the units digit of b?
3
Let p = 664 - 82. What is the tens digit of p?
8
Let g = 21 + -22. What is the units digit of 2*((-615)/(-10) + g)?
1
Suppose 5*c - 145 = 3*j, 5*c - 4*j + 0*j = 140. Suppose 3*w - 3 = 0, -2*o - c = -4*o - 2*w. Let v = o - 7. What is the units digit of v?
8
Suppose -5*n = -7*n - 30. What is the tens digit of n/2*(-5)/((-75)/(-168))?
8
Suppose 9 - 3 = -3*a. Let u(t) = -8*t**3 - 2*t**2 - 4. What is the tens digit of u(a)?
5
Let r = 7 - 9. Let u(y) = y**3 + y**2. Let m(b) = 5*b**3 + 5*b**2 + 4*b + 3. Let j(p) = -m(p) + 6*u(p). What is the units digit of j(r)?
1
Suppose 20*h - 36*h + 29168 = 0. What is the tens digit of h?
2
Suppose 0 = 7*u - 2*u - t - 38, -4*u + 4*t + 24 = 0. Let y(f) = 2*f - 11. Let o be y(u). Suppose 6 = o*b + b. What is the units digit of b?
1
Let p(m) = 21*m - 42. Suppose 0*u + 6 = 3*u + 2*y, 2*y = -6. What is the units digit of p(u)?
2
What is the tens digit of (-2 - (-360)/195) + (-30268)/(-26)?
6
Suppose 11*f - 5599 - 1452 = 0. What is the units digit of f?
1
Let j(d) = -7*d**2 - 7 - 10*d + 16*d**2 + d**3 - 4. Let w be j(-9). Suppose -4*p = 2*g - 62, -2*g = 5*p - w + 17. What is the tens digit of g?
3
Let m = 12 - 9. Let t be -40 - m/6*-6. Let b = t - -66. What is the tens digit of b?
2
Let w = 275 + -165. Suppose -106*t = -w*t + 336. What is the units digit of t?
4
Suppose -4*y + 3*f + 2392 = 8*f, 5*y - 2990 = 4*f. What is the units digit of y?
8
Let p = 11 + -5. Let j be (8/(-6))/(p/(-18)). Suppose -j*v + 2 = -18. What is the units digit of v?
5
Suppose -5*r - q + 3699 = 0, 0 = -14*r + 10*r - q + 2959. What is the tens digit of r?
4
Let o = -37 - -3. Let g = 3 - o. What is the units digit of g?
7
Suppose -148 = 16*r - 2196. What is the hundreds digit of r?
1
Suppose 600 = 2*o + 4*d, 5*o + 36*d = 33*d + 1472. What is the tens digit of o?
9
Let a(c) be the third derivative of 0*c + 0 + 2*c**2 + 7/3*c**3 - 7/12*c**4. What is the tens digit of a(-4)?
7
Suppose x - 3*t - 2535 = 0, 3*x - 2*t - 9205 = -1600. What is the thousands digit of x?
2
Let p = 20 + 8. Suppose 0 = -3*a + 4*x - 17 + 1, -p = 4*a - 4*x. Let l = a - -15. What is the units digit of l?
3
Let p be (-210)/28*(-2)/5. What is the tens digit of 1030/p + 18/27?
4
Suppose 5*l + 27115 = 5*t, -2*t - 2*l + 5*l = -10849. What is the tens digit of t?
2
Let u be -2 + (0 - -1) - -79. Let b be u + -1 - (0 - 4). What is the units digit of (2/3)/(6/b)?
9
Let j be -1*(-2 - 0/2). Suppose -2*l = -j*o - 20, -5*o + o = -3*l + 29. Suppose -l = 2*h - 35. What is the units digit of h?
2
Let f = -130 - -314. What is the units digit of f?
4
Let b = 5673 - 3698. What is the tens digit of b?
7
Let q(r) = 16*r**2 - r. Let i be q(-1). Suppose -3 = -4*d + i. Suppose -a + 3*m + 32 = 0, -3*m - 5